t are the prime factors of g?
13, 73
Suppose 21*d + 5 = 26*d + 5*l, -5*d + 4*l = -32. Suppose d*p - 771 = 537. What are the prime factors of p?
3, 109
Let y(u) = -u**3 + u. Let m(h) = 55*h**3 + 4*h + 2. Let t(f) = m(f) - 6*y(f). Suppose 1 = 6*k - 5. List the prime factors of t(k).
61
Let r(l) = 213*l**2 - 93*l - 61. What are the prime factors of r(11)?
7, 3527
Let k be (-6)/(-21) + 1*(-36)/(-21). Suppose -2*p = -5*l - 1998, -5*p + 2997 = -k*p - l. List the prime factors of p.
3, 37
Suppose 5*l + 5*t = 1075, -176 = -2*l + 5*t + 282. What are the prime factors of l?
3, 73
Let y = 39 + 90. Suppose 4*q = -3*z - 34 + y, 0 = 5*q - z - 114. Let a = 130 + q. What are the prime factors of a?
3, 17
Suppose 5*q - 2*q + 5*r = 29, 5*q = r + 11. Suppose 0 = -q*g + 15, 0*g + 395 = 2*o + g. List the prime factors of o.
3, 5, 13
Let o = -102 - -618. Suppose -157*n = -155*n - o. What are the prime factors of n?
2, 3, 43
Let c be (7 - 76) + 1/1. Let j = -66 + 112. Let x = j - c. What are the prime factors of x?
2, 3, 19
Let g be -1 + 10/8 + (-8)/32. Suppose -280 = -f - g. List the prime factors of f.
2, 5, 7
Let j(t) = 5*t**3 - 2*t**2 + 3*t - 2. Let f be j(1). Suppose -4*d + 3*b = f, -5*d = -b - b - 2. Suppose d*n - 400 = 12. List the prime factors of n.
2, 103
Let u = -34079 - -53773. What are the prime factors of u?
2, 43, 229
Suppose 33*d - 1769446 + 291574 = 0. What are the prime factors of d?
2, 3, 311
Let u(l) = 23*l - 3*l**2 - 10*l + l**2 - 9. Let c be u(6). What are the prime factors of 9/((-220)/75 - c)?
3, 5
List the prime factors of 48/(-27) + 2 - ((-16324204)/36)/13.
3, 7, 11, 151
Suppose 4 = 4*d, -15*l + 14*l + 10 = 5*d. Suppose -2*s - 7118 = -l*m, -2*m - 4*s = -3086 + 258. What are the prime factors of m?
2, 3, 79
Let g be (1/3)/(2/18). Let k(p) = 155*p + 192. Let s(f) = -51*f - 70. Let z(w) = 3*k(w) + 8*s(w). List the prime factors of z(g).
11, 17
Let a(l) = -3*l**3 - l**2 + 3*l. Let n be a(2). What are the prime factors of 531 - (-11)/(n/(-12))?
3, 179
Let v(t) = 2*t + 0*t + 3*t. Let j be v(2). Suppose 3*r - j = 239. What are the prime factors of r?
83
Suppose -4*t = 5*z - 55, 3*z - 12 = 3*t + 21. Suppose 3269 = z*h - 757. What are the prime factors of h?
2, 3, 61
Let v be 4/((7 - 3)/8). List the prime factors of (v/(-10))/(14/(-14735)).
2, 421
Suppose -5*t + 349 = -1451. Let d = t - 178. List the prime factors of d.
2, 7, 13
Let g be 3 + 1 + -4 - -3. Suppose -24*f = -5*i - 28*f + 3343, 4*f = 5*i - 3327. Suppose g*h - i = -79. What are the prime factors of h?
2, 7
Suppose 33*v - 25 = 28*v. Suppose -3*b + 690 = -b - v*m, 4*b - 4*m = 1392. List the prime factors of b.
2, 5, 7
Suppose -88*i = 131*i - 7654050. What are the prime factors of i?
2, 3, 5, 233
Let r(s) = -18*s + 8 - 34 - 27. What are the prime factors of r(-29)?
7, 67
Let f = 286 + 289. Suppose 33*j = 8*j + f. List the prime factors of j.
23
Let d(x) = 16*x**2 + 14*x - 10. Suppose -3*j - 5*m + 3*m = 18, 5*j = 3*m - 30. List the prime factors of d(j).
2, 241
Suppose 24*y + 5725954 = 116*y + 155*y. List the prime factors of y.
2, 67, 173
Let v(c) = 43*c. Let z be v(2). Let i(d) = d**3 + 17*d**2 + d + 391. Let h be i(-18). Let a = z - h. List the prime factors of a.
37
Let x be (-3 - 72/(-28)) + 62/14. Suppose x*k - 861 = -161. Suppose 0 = -5*i - 0*i + k. What are the prime factors of i?
5, 7
List the prime factors of (130 - 143 - 118/(-10)) + (-25902)/(-10).
3, 863
Suppose 3*n + 2 - 173 = 3*o, -4*n + 228 = o. Let g = 13235 + -13225. Suppose -13*b + n = -g*b. What are the prime factors of b?
19
Let a = -566 - -670. List the prime factors of (-1602)/(-10) - a/(-130).
7, 23
Let p(y) = y**3 + 6*y + 19. Let b be (-9)/5*-1*(-20)/(-6). List the prime factors of p(b).
271
Suppose 3001 - 151409 = -8*k. List the prime factors of k.
13, 1427
Let x be (-9 + 2)*(32/(-14) - -2). Suppose 0 = -2*h - 2*s + 846, -x*h = 3*h + 3*s - 2119. List the prime factors of h.
5, 17
Let a(i) = -2342*i - 2981. What are the prime factors of a(-10)?
3, 757
Let l = -4253 - -11518. What are the prime factors of l?
5, 1453
Suppose 3*c - 122 = -x + 172, -4*c + 897 = 3*x. Let p = -71 + x. List the prime factors of p.
2, 29
Let s = 32946 - 22919. List the prime factors of s.
37, 271
Suppose -4*z = -5*b - 55, -3*b = -3*z - 7*b + 80. Let f be 8/z - (-3467)/(-5). Let l = 972 + f. List the prime factors of l.
3, 31
Suppose 546805 + 59411 = 22*l + 65*l. List the prime factors of l.
2, 13, 67
Suppose -17*p = 12*p - 145. Suppose 5*r - 280 = u + 965, 5*u = -p*r + 1275. What are the prime factors of r?
2, 5
Let u(n) = n**3 + 9*n**2 + 4*n + 46. Let i be u(-9). Let t be (-164)/i*(-1 + (-105)/(-5)). Let x = -172 - t. What are the prime factors of x?
2, 3, 13
Let h = 299 + -154. Let r(i) = -i + 14. Let b be r(0). Suppose 19*c = b*c + h. What are the prime factors of c?
29
Let c be -131 + 24/(-3) + 3. Let p = -529 - c. Let s = 572 + p. List the prime factors of s.
179
Let k(r) = -278*r - 778. List the prime factors of k(-24).
2, 7, 421
Suppose 10*p = 11*p - 4*h - 12, 0 = -4*p - 4*h + 8. Suppose -3*r = n - 851, 0*r - 3404 = -4*n + p*r. List the prime factors of n.
23, 37
Let r(b) = -b**2 + 31*b - 156. Let f be r(6). What are the prime factors of 367 + f - -10*2/(-4)?
2, 89
Let a be (-1)/(4 - 17/4). Let c(v) = v**3 - 5*v**2 + 5*v + 1. Let p be c(a). Let z(g) = 7*g + 13. What are the prime factors of z(p)?
2, 3
Suppose 6*l + 16 = 10*l. Let c(a) = l + 0 - 8 - 15*a + 2. List the prime factors of c(-13).
193
Let m = 5344 - -413. What are the prime factors of m?
3, 19, 101
Suppose -43 = 4*l + 5*n, 32 = -3*l - 5*n - 4. List the prime factors of (-1)/(9/(-318))*(l - -10).
2, 53
Let y = 18450 - -24112. List the prime factors of y.
2, 13, 1637
What are the prime factors of (239 + -2)*(-35)/(-3)?
5, 7, 79
Let h = -384 - -388. Let a(u) = 238*u - 24. List the prime factors of a(h).
2, 29
Let z(w) = w + 4. Let d be z(0). Suppose -3*j = 3*a - 57 - 66, -2*j + d*a = -82. Let v = 71 - j. List the prime factors of v.
2, 3, 5
Let k = -19712 + 25928. List the prime factors of k.
2, 3, 7, 37
Let f = 47 + -56. Let w(h) = -29*h + 58. What are the prime factors of w(f)?
11, 29
Let n(p) = p**2 - 16*p - 98. Let j be n(21). Let r(v) = -2*v**3 + 16*v**2 - 4*v + 20. What are the prime factors of r(j)?
2, 3, 5
Suppose -50*n + 9*n + 196306 + 351249 = 0. List the prime factors of n.
5, 2671
Suppose -9*c + 4*k + 24776 = -k, -8219 = -3*c - 4*k. What are the prime factors of c?
2749
Suppose -33*y + 13223 = -153658. Suppose h + y = 14*h. List the prime factors of h.
389
Let n be (-4)/(16/(-6)) - (-123)/82. Suppose -p - n*p + 2016 = 0. What are the prime factors of p?
2, 3, 7
Let m be (-2 - (-32)/12) + (-142)/(-3). Suppose -53*t + 275 = -m*t. Let y = t + 30. List the prime factors of y.
5, 17
Let x(s) = 6*s - 16. Suppose -13 = -6*a + 5. Let f be x(a). Suppose 2*u = -f*c + u + 333, -5*c + 830 = 2*u. List the prime factors of c.
2, 41
Let t(s) = 2850*s**2 + 47*s - 99. List the prime factors of t(2).
5, 43, 53
Let h = -7433 - -11257. Suppose -100*n - h = -108*n. What are the prime factors of n?
2, 239
Let v = 160 - 185. Let a = v + 226. What are the prime factors of a?
3, 67
Suppose 449*w + 2086650 = -470*w + 944*w. What are the prime factors of w?
2, 3, 4637
Suppose 0 = -92*k + 84*k + 72. Suppose -k*o + 5554 = 208. List the prime factors of o.
2, 3, 11
Let b(t) = -870*t - 2354. What are the prime factors of b(-19)?
2, 443
Let d(m) = -2*m**3 - 13*m**2 - 56*m - 922. What are the prime factors of d(-24)?
2, 41, 251
Let n be (0/(0 + 4))/(-3). Suppose n = 6*s - 7*s + 168. Suppose -30 - s = -6*i. List the prime factors of i.
3, 11
Let s = 14577 + 29736. What are the prime factors of s?
3, 14771
Let x(v) = -6*v + 105. Let r be x(7). Let p = r + 115. List the prime factors of p.
2, 89
List the prime factors of (2838555/(-1260) - (-6)/(-14))*-16.
2, 9013
Suppose -n = -15 - 41. Let y(v) = -17*v - 627. Let p be y(-37). Suppose -n = p*s - 292. List the prime factors of s.
2, 59
Suppose 0 = -7*k + 5*k + 16. Let d(y) = -2*y**2 - 29*y - 27. Let t be d(-13). Suppose t*j = k*j + 104. What are the prime factors of j?
2, 13
Let n = 273 + -320. Let i = n - -79. List the prime factors of i.
2
Let i = 7653 - 3272. What are the prime factors of i?
13, 337
Suppose -80 = 3*z - 8*z. Let v be (z/(-5) + 2